4*c + 3*g + 33, 3*c + 2*c + 5*g = -45. What is f(c)?
5
Suppose -3*y - 22 = 2*g + 2*g, 2*y + 16 = -3*g. Let j(d) = -d - 3. Let u be j(g). Let v(h) = -8*h**3 + 2*h**2 - 1. Determine v(u).
-7
Let o(a) be the third derivative of -a**6/120 - a**5/6 + a**3/6 - a**2. Let l = 23 - 33. Calculate o(l).
1
Let m(k) = -2437*k - k**3 - 5*k**2 + 10 + 2447*k + 0*k**2. Determine m(-7).
38
Let s(u) be the second derivative of -u**5/120 - u**4/24 + 23*u**3/6 + 24*u. Let i(h) be the second derivative of s(h). Suppose 3*z = 2*z - 1. Give i(z).
0
Let p = -8 - -16. Let v = 24 - p. Suppose -v = -s - 3*s. Let u(d) = -d**2 + 3*d + 4. Calculate u(s).
0
Suppose 2*x - 8*j - 37 = -3*j, -10 = 2*j. Suppose -12*n + 9*n = -x. Let t(o) = 2 - 6*o**n + 7*o**2 + 6*o + 3. Calculate t(-6).
5
Let p(i) = 7 - i - 19 + 5*i + 5 + 24. What is p(-7)?
-11
Let f = 112 + -86. Let l(b) = 13*b**2 - f*b**2 + 14*b**2. Suppose 4*h - 10 = -h. What is l(h)?
4
Let y(w) = 2*w. Let t(k) = -k**2 - 1. Let j(m) = -t(m) - y(m). Let c(g) = g**3 - 17*g**2 + 2. Let b be c(17). Calculate j(b).
1
Suppose -3*a + 17 = 4*b, -3*b - 2*b = -4*a + 2. Suppose l - 3*i = -13, 3*l + 5*i - 16 = 15. Let k(s) = s + 0*s**l - s**2 + 1 + 0*s**b. What is k(-2)?
-5
Let o(a) be the first derivative of -a**2 - a + a + a + 2. Let d = -789 + 791. Calculate o(d).
-3
Let z(q) = -4*q**3 - 6*q**2 + 3*q + 4. Let g(f) = -2*f**3 - 3*f**2 + 2*f + 2. Let y(j) = -5*g(j) + 3*z(j). Give y(-2).
8
Let n(o) = 2*o**3 + o. Let j(x) = 7*x**3 + 5*x**2 - 2*x - 7. Let y(w) = -j(w) + 3*n(w). Determine y(-5).
-18
Let g(j) = -16*j - 26. Let n(x) = 9*x + 14. Let c(r) = 4*g(r) + 7*n(r). Calculate c(-3).
-3
Let i(u) = -u**3 - u + 10. Suppose -f + 11 = 31. Let m = f - -27. Suppose y = -m*y. What is i(y)?
10
Let j(x) be the second derivative of x**5/20 + 7*x**4/12 + x**3/6 + 15*x**2/2 - 19*x + 3. What is j(-7)?
8
Let i(k) = 6*k + 1. Let y(d) = d. Let b(c) = i(c) - y(c). Suppose -3*h = 4*n + 13, -2*n - 11 = 3*h - 6*h. Let l be (7 - 4) + h + -2. What is b(l)?
11
Let u be (-1)/((-1)/2) - (-18)/9. Let l be (1/u)/(-4 + 105/28). Let x(b) = -5*b - 1. Determine x(l).
4
Let d(q) = 25*q - 27*q - 3 + 4. Give d(5).
-9
Let h(w) = -w + 1. Let u(m) = -3*m + 2. Let g(d) = 2*h(d) - u(d). Suppose 2*t - 30 = 4*t - 4*j, 2*j = 0. Let f = 10 + t. What is g(f)?
-5
Suppose 3*t - 88 = -4. Let c be t/(-6) - (-6)/9. Let a(h) = 2*h. Let y(i) = 6*i - 2. Let o(k) = 10*a(k) - 3*y(k). Give o(c).
-2
Let i(a) = 107 - 215 + 2*a + 115. Calculate i(-15).
-23
Let m(n) be the second derivative of n**5/20 - n**4/4 - 5*n**3/6 + 3*n**2/2 - 27*n. Suppose -2*i - 3*i - 90 = 0. Let k be (-4)/i - (-50)/18. Determine m(k).
-12
Suppose -j = -2*j. Let o(u) = -2 + 20*u**2 - 9*u**2 - u**2 - 9*u**2. Give o(j).
-2
Suppose -7*v = -0*v + 56. Let r be (v/(-6))/(152/18 + -8). Let c(z) = -3*z**2 - 1. Calculate c(r).
-28
Let z(k) = k**3 - 12*k**2 - 15*k + 18. Suppose -4 = -4*a, 9*w - 2*a = 8*w + 11. Calculate z(w).
-8
Let j = 25 + -31. Let u(h) be the second derivative of h**5/20 + h**4/2 + h**3/2 + 3*h**2 + 9*h. Determine u(j).
-12
Suppose -2*y + 4*p + 18 = 0, -4*y + 8*y = 4*p + 36. Suppose -m + 2 = y. Let k(q) = 4 - 3 + 7 + q. Calculate k(m).
1
Let t(k) = -5*k**3 + 6*k**2 + 10*k - 5. Let n(s) = 4*s**3 - 6*s**2 - 10*s + 6. Let p(u) = 4*n(u) + 3*t(u). Calculate p(7).
-12
Let m(k) = 2*k - 7*k + 9 - 3*k + 10*k - 3*k. What is m(-9)?
18
Let f(w) = 6*w. Let s = -523 - -524. Calculate f(s).
6
Let j(g) be the third derivative of -g**6/120 + 7*g**5/60 - g**4/3 + g**3 - g**2. Let n(k) = 3*k + 6. Let p = -45 + 45. Let y be n(p). What is j(y)?
-6
Let z(c) = -c**2 + 4*c + 3. Let h be z(4). Suppose -30*b + 32*b = 8. Let a(l) = 7*l**2 + 8*l - l**3 - 4*l - 5*l**2 - b. Determine a(h).
-1
Suppose 7*j = 12*j. Let r(p) = p**3 - 17. What is r(j)?
-17
Let h be (-14)/(-3) + 14/(-21). Suppose 5*o - 34 + 9 = -5*c, o + 7 = 3*c. Let s(r) = -2 + h*r**2 - 5*r - r**o - 2*r**2. What is s(5)?
-2
Let a = 20 - 44. Let r be (-6)/a + 6/8. Let d(z) = -7*z - 5. Let y(i) = -i - 1. Let o(k) = d(k) - 5*y(k). Determine o(r).
-2
Suppose -8*j + 90 = 66. Let h(k) be the first derivative of k + 3/4*k**4 + 8 + 1/2*k**2 + 1/3*k**j. Determine h(-1).
-2
Let s(h) = 8*h**2 + 5*h - 19. Let l(w) = -10*w**2 - 5*w + 23. Let a(k) = 3*l(k) + 4*s(k). Determine a(-4).
5
Let m = -6 - -8. Suppose 5*s - b - 8 = 30, m*b = -s + 12. Let y(p) = -3*p + 66 + s*p - 64. Give y(-2).
-8
Let x(k) = 3 + 9 - 7*k + 8*k. Calculate x(-13).
-1
Let j = -53 - -87. Suppose 1 = 5*g - j. Let h(k) = -k - 15*k + g*k. Calculate h(-1).
9
Let b = 18 + -16. Let v(r) = 3*r**2 - r**3 + 5*r**2 - b*r**2 - 6. Determine v(6).
-6
Let y(l) = 9*l**2 + l - 43. Let q(v) = -11*v**2 + 51. Let c(a) = 5*q(a) + 6*y(a). Suppose 0 = -2*j + j + 6. Calculate c(j).
-3
Let b be ((-3)/(-9))/((-1)/(-3)). Let x(g) be the third derivative of -3*g**6/40 + 243*g**2. Give x(b).
-9
Let m(w) be the third derivative of -3*w**2 - 1/24*w**4 - 5/6*w**3 + 0*w + 0. Let f be 0 + -1 + (1 - 6). Determine m(f).
1
Let i(x) = x + 16 - 31 - x**2 + 25*x**3 - 26*x**3. Calculate i(0).
-15
Let b = 664 - 683. Let l(t) = t**2 + 19*t + 5. What is l(b)?
5
Let a(k) = -8*k. Let h(w) = 18*w. Let y(z) = 5*a(z) + 3*h(z). Determine y(1).
14
Let y(u) be the second derivative of -u**4/24 - u**3/6 + 11*u**2/2 - 35*u. Let t(z) be the first derivative of y(z). Determine t(0).
-1
Let g(h) = h**2 - h - 5. Let p = -1 - -5. Suppose 12*c + p = 4. Determine g(c).
-5
Let p(f) = 3 + 2*f**2 + 14*f**2 + 4*f - 26*f**2 + 11*f**2. Determine p(-2).
-1
Let y(n) = 6*n**3 + 62*n**2 + 44*n + 34. Let x(a) = -a**3 - 12*a**2 - 9*a - 7. Let s(h) = -11*x(h) - 2*y(h). Calculate s(9).
27
Suppose 2*v + 2 + 3 = -h, 0 = 5*h + v - 2. Let f(j) = -j**3 + j**2. Give f(h).
0
Suppose 4*b - 12 = 5*n - 0*b, 2*n - 4*b = 0. Let y be (-18)/(-7) + (100/(-28) - n). Let h(j) = j**2 - 3*j + 2. What is h(y)?
2
Let i(a) be the third derivative of a**5/60 - 5*a**4/24 + 2*a**3/3 + 2475*a**2. Let p(s) = -s**2 - 6*s. Let c be p(-5). Determine i(c).
4
Let w(m) = m**2 + 1 + 6*m - 1 - 6. Let l = 23 + -25. Let t = -8 - l. Determine w(t).
-6
Suppose -105*p + 39*p - 88 + 22 = 0. Let f(m) = -20*m**2 - 3*m + 17. Let l(r) = 7*r**2 + r - 6. Let u(z) = 6*f(z) + 17*l(z). Calculate u(p).
0
Let d = 773 + -774. Let y(u) = 28*u**3 + 2*u**2 + u. Give y(d).
-27
Let b = 0 + 3. Suppose -96 = b*k - 3*p, 3*k + p + p = -71. Let c be 6/k + (-38)/(-9). Let o(i) = i**3 - 6*i**2 + 5*i + 4. What is o(c)?
-8
Let k(o) = -3990 - o + 3991 - 3*o. Calculate k(-4).
17
Suppose 4*v - 13*v + 45 = 0. Let j(i) = 5 - 1 - v*i - 3. Determine j(-1).
6
Let g(f) = -8*f**2 + 4. Let m(w) = 50*w**2 - w - 28. Let s(o) = 6*g(o) + m(o). Let y be (-1)/(-2) - (-5)/2. Calculate s(y).
11
Let d(l) be the first derivative of l**3/3 + 7*l - 15. Determine d(0).
7
Let k(f) = f**3 + 10*f**2 + 10*f + 2. Suppose -4*p = 4*r + 40, 0 = 5*r + 4*p + 49 - 0. Calculate k(r).
-7
Let z(v) be the second derivative of -13*v**5/20 - v**4/12 + v**2/2 + 24*v. Determine z(-1).
13
Let z(l) be the second derivative of -l**4/12 - 2*l**3/3 + l**2/2 + 335*l. Suppose -8 = 2*p - 0. Calculate z(p).
1
Let z(n) be the second derivative of 5*n**4/8 + n**3/6 - 17*n**2/2 - 21*n. Let u(y) be the first derivative of z(y). Determine u(-1).
-14
Let t(p) = -1 + 4*p**2 - 1 + 3 + 198*p**3 - 5*p - 197*p**3 + 6. What is t(-5)?
7
Let f(a) be the second derivative of a**4/12 + 5*a**3/6 - a**2 - 7*a. Let r be 180/(-90) - (1 - -1). Give f(r).
-6
Let w = 481 - 493. Let d(u) = u + 3. Calculate d(w).
-9
Let z(c) = -c**2 - 11*c + 13. Let n be z(-12). Let k(f) = 1 - 4 - 2*f + 5. Let l(a) = a + 1. Let j(g) = -k(g) + l(g). Determine j(n).
2
Let k be 4 + (18/(-22) - 18/99). Let n(u) = -241 + 241 - u - 6*u**k. Calculate n(1).
-7
Let y(h) = -h + 6. Let u(m) = -2*m**3 - m - 1. Let x be u(-1). Suppose 3 = -n + q, x*q = -1 - 5. Let r = -1 - n. Calculate y(r).
1
Suppose d - 5*i = -i - 2, -d + 5*i = 4. Let a(o) = o**2 - o - 1. Let j(u) = -4*u**2 + 2*u + 6. Let g(q) = 5*a(q) + j(q). Determine g(d).
19
Let s be 5 + (-567)/117 - 1245/65. Let q(y) = -4*y - 71. What is q(s)?
5
Let u(p) = 4*p**3 + 4*p + 3. Let k(l) = -5*l**3 - 5*l - 4. Let d(r) = -3*k(r) - 4*u(r). Suppose 4*o - h = -3, -61*o + 63*o - 16 = 4*h. Give d(o).
10
Let y(n) = 4 - 2*n - 2*n + 5*n. Suppose -9*c + 6 = -8*c. Suppose 0 = 26*q - 25*q + c. Give y(q).
-2
Let q(v) = v**2